ulate the highest common divisor of 7 and d.
7
Let h be 1*-1*1 - -113. Let r = -5 + 11. Suppose r*o = 11*o - 70. What is the greatest common factor of h and o?
14
Suppose -175*w = -174*w - 17. Let p = 106 - 72. What is the highest common factor of w and p?
17
Let z(g) = -g**2 + 11*g + 7. Let t be z(11). Suppose -56 + 336 = 5*n. What is the greatest common divisor of t and n?
7
Let f be 2/(-9) - (-736)/72. What is the highest common divisor of 30 and f?
10
Let u(j) = -j + 1. Let v be u(5). Let q be -6*1*6/v. Let h be (1 + (-6)/q)*12. Calculate the highest common divisor of h and 16.
4
Suppose 4 = d, 0 = 2*q - 3*d - d. Calculate the highest common divisor of 224 and q.
8
Suppose i - 108 = -5*i. Calculate the greatest common divisor of 90 and i.
18
Let y(v) = -v**3 + 4*v**2 + 6*v - 1. Let w be y(5). Let a = w - 12. Let n be ((-60)/a)/(2/8). Calculate the highest common divisor of n and 12.
6
Let b be 96 - (-2 + (-4)/(-2)). Let r(t) = -1 - 7*t**2 - t**3 - 3 + 6*t + 0*t**3. Let q be r(-8). What is the greatest common divisor of q and b?
12
Suppose 0 = j + 21 - 66. Let k = -33 - -51. Calculate the highest common divisor of k and j.
9
Suppose 0*s = s + 10. Let u be (-1)/(-2) - 5/s. Calculate the highest common factor of 1 and u.
1
Let g(l) = 6*l + 1. Let r be g(1). Suppose -r*c = -2*c - 30. What is the greatest common divisor of 9 and c?
3
Let q = 8 - -18. Let u = -16 + q. What is the greatest common divisor of 80 and u?
10
Let n be 22/10 - 2/10. Let c(r) = 38*r**2 - 6 + r + r + 4. Let i be c(n). Calculate the highest common divisor of i and 14.
14
Suppose -y = -2*k - 233, -y - 5*k + 7 = -261. Let f be 2/(0 + 3/y). Let t be 54/(-8)*56/(-21). Calculate the highest common factor of f and t.
18
Let b(z) = 29*z - 7. Let h be b(7). Suppose -h = -6*m - 70. Suppose 4*t = -8, 5*f - 34 = 4*t + 9. Calculate the highest common factor of f and m.
7
Let s = 2 + 1. Suppose 5 = -a + 1. Let h = s - a. What is the highest common divisor of 63 and h?
7
Let i = 37 + -22. Suppose 0 = 2*u + 2, -p + 48 = -4*u + u. What is the greatest common factor of i and p?
15
Let j = 116 - 78. Suppose 0 = -m - 2*y + 35, 3*y + j + 4 = 2*m. What is the greatest common divisor of 9 and m?
9
Let m be (3/(-2))/(11/(-1122)). What is the highest common divisor of m and 51?
51
Let a(d) = 2*d**2 - 4*d - 1. Suppose -r = -4*w + 15, 5*r = -0*w - 3*w + 17. Let i be a(w). Calculate the highest common divisor of 60 and i.
15
Let t = 3 - -9. Let g = 16 - 10. What is the highest common factor of t and g?
6
Let g = 1 - 1. Suppose 28 = 2*k - g*k. Let t be (2 + (-54)/(-8))*4. Calculate the greatest common factor of k and t.
7
Let m = -10 + 59. Suppose m = i + 3*y + 13, 2*i - 58 = y. Suppose -8*n - 3*a + 39 = -3*n, 2*a = 4*n - 18. What is the greatest common factor of i and n?
6
Let c(v) = -6*v + 26. Let y be c(2). What is the highest common divisor of 21 and y?
7
Let a(x) = -x + 10. Let r be a(6). Suppose -396 = -r*i - 0*i. Calculate the greatest common factor of i and 11.
11
Let u(b) = b**3 + 6*b**2 + 4*b + 6. Let h be u(-4). Suppose 5 = 4*k - 3. What is the greatest common factor of h and k?
2
Let k(z) = 2*z**2 + 8*z + 2. Let b be k(-7). Suppose -3*x - 7 = 5*u + 6, 26 = 4*x - 2*u. Calculate the greatest common divisor of b and x.
4
Suppose -k = -r, -5*k = -4*r - 0 - 5. Let b = k + -3. Let w(s) = -2*s - 20. Let j be w(-12). Calculate the greatest common factor of b and j.
2
Suppose -11 = -2*a + 17. Let v be a + (2 - 1) + -3. Suppose 0 = p + 5*n - 43, 4*p - 194 = -3*n + 5*n. Calculate the greatest common divisor of p and v.
12
Let v(h) = h + 11. Let u be v(-6). Calculate the greatest common factor of 15 and u.
5
Let c(w) = -w**3 + 4*w**2 + 8*w - 2. Let j be c(5). What is the highest common factor of 39 and j?
13
Suppose 4*u = 4*j - 24, -4*j - 4*u + 1 + 7 = 0. Suppose -4 - 4 = -j*k. Suppose -f = f + 5*s - 27, 0 = -k*s + 10. What is the highest common divisor of 1 and f?
1
Let a(r) = -r**2 - 7*r + 10. Let l be a(-8). Suppose 2*x + l*x = 84. Let b(p) = p**2 - 5*p + 1. Let w be b(6). What is the greatest common factor of w and x?
7
Suppose -2*z + 2*c = -270 + 40, 0 = -z - 5*c + 97. Calculate the highest common divisor of z and 16.
16
Let y(u) = 9*u - 2. Let s be y(3). Let j be 664/10 + (-10)/s. What is the greatest common factor of 6 and j?
6
Let x(f) = -f**2 - 14*f. Let t be x(-10). Suppose 0*h - 4*h = -t. What is the greatest common factor of 40 and h?
10
Suppose 12 = 4*j, 21 = -q + 3*j - 36. Suppose 5*c = -w - 11 - 10, 0 = 2*c + 6. Let v = w - q. What is the highest common divisor of 28 and v?
14
Let i(c) = 3*c**2 - 5*c - 5. Let r be i(-6). Calculate the greatest common factor of r and 19.
19
Let f be 200/56 + (-3)/(-7). Suppose -2*g = 6 - 10. Calculate the greatest common divisor of g and f.
2
Suppose 0 = -t - 3*f + 69, 0 = -2*t - t + 5*f + 165. Let n = t + -38. Calculate the greatest common divisor of n and 2.
2
Let u(t) = t**2 - 4*t - 3. Let l be u(-3). What is the highest common divisor of 54 and l?
18
Suppose -2*x - 5*l = -17, 4 = 3*x + 3*l - 8. Let u = 209 + -143. Let d be (-1)/4 - u/(-8). What is the greatest common factor of d and x?
1
Let m be (12/(-8) - -2)*-46. Let o = m + 44. What is the greatest common divisor of 14 and o?
7
Let l be (-5)/(7/7*(-5)/2). Calculate the highest common factor of 8 and l.
2
Let a be (2 - (-1 + 0))*4. Suppose -2*o = 2*h - 60, -3*o = -2*h + o + 90. Let n = h + -11. Calculate the highest common factor of n and a.
12
Let a = 18 + -9. Let f = 157 - 148. Calculate the greatest common factor of a and f.
9
Suppose 0 = 5*u + 15 + 80. Let l = -4 - u. Calculate the highest common factor of l and 6.
3
Let k be ((-25)/(-15))/((-2)/(-138)). Let g = -111 + 157. What is the highest common divisor of k and g?
23
Let r(a) = 5*a - 1. Let c be r(1). Suppose -5*u + 0*u = -3*p + 4, -2*u + p - 1 = 0. Let f be 20*(u - (-2)/(-4)). What is the highest common factor of f and c?
2
Suppose 5*j + 5*c - 845 = c, -10 = -2*c. Suppose -i + 4*i = j. Let s be (-1)/4 + (-623)/(-28). What is the highest common factor of s and i?
11
Let l(b) = -4*b**3 + b**2. Let k be l(1). Let g(j) = j**3 + 3*j**2 - 2*j - 3. Let r be g(k). What is the highest common divisor of 33 and r?
3
Let v = 19 - 46. Let x be (2/6)/((-1)/v). What is the greatest common divisor of x and 9?
9
Let d(w) be the third derivative of w**4/24 + 5*w**3 - 3*w**2. Let m be d(0). Let s be 132/m - (-2)/(-5). Calculate the greatest common factor of s and 20.
4
Let n be 5/1 + -2 - -11. Calculate the highest common divisor of n and 49.
7
Suppose -4*q + 51 = q + 4*s, s - 54 = -5*q. Let t be q + (-3)/1 + 4. Let y be (t/7)/((-16)/(-56)). What is the greatest common divisor of y and 12?
6
Suppose -4*c - 4 = -4*u, 3*c - 5*u + 15 - 2 = 0. Suppose a - 54 = -4*i, c*a = 6*a + 4. What is the highest common factor of i and 7?
7
Suppose 2*i - 10 = 0, 4*u + i = -0*u + 13. Calculate the greatest common divisor of 8 and u.
2
Suppose -2*u + 4*u - y = 145, -141 = -2*u - 3*y. Calculate the greatest common divisor of u and 8.
8
Let s(j) = -j**3 + 3*j**2 - j - 2. Let h be s(2). Suppose h*x - 340 = -4*x. Calculate the greatest common divisor of x and 34.
17
Suppose -35*h = -31*h - 648. Calculate the highest common divisor of h and 18.
18
Let u be 3/18 - (-17)/6. Suppose 0 = 4*g + 2*s - 650, -2*g + u*s + 785 = 3*g. What is the greatest common factor of g and 20?
20
Let w = -67 + 88. What is the highest common divisor of w and 3?
3
Suppose -5*c + 96 = -2*c. Let r(y) = -y**3 - 7*y**2 - 9*y - 14. Let l be r(-6). Calculate the highest common divisor of l and c.
4
Suppose -u + 6*u = 0. Suppose n + 1 = -u. Let d(c) = -12*c**3 + c**2 + 2*c + 1. Let p be d(n). Calculate the highest common divisor of p and 12.
12
Suppose -15*k = -14*k - 48. Calculate the highest common factor of k and 12.
12
Let n(c) = -20*c + 4. Let q be n(-8). Suppose -q = -3*i + 25. What is the greatest common divisor of i and 42?
21
Suppose -12 = -3*r - 5*k, -4*k + 0 + 8 = 2*r. Suppose -3*y + 31 = -r*q, -27 = -4*y - 2*q + 7. Calculate the greatest common divisor of 81 and y.
9
Let s(n) = 2*n - 2. Let u be s(2). Let b = u - 0. Let l be 78/b + -3 + 4. What is the greatest common divisor of 5 and l?
5
Let g = -10 + 5. Let p be g/(9/(-3) - -2). Calculate the greatest common factor of 15 and p.
5
Let f(d) =